uppose 0 = 2*i - 0*p + 5*p - 32, -p = -i + l. Let z(d) = d**3 - 27*d**2 + 36*d - 256. What is the remainder when i is divided by z(26)?
2
Suppose -n - 459 = -5*f - 4*n, -3*n = f - 87. Suppose 0 = 3*i - 0*i - f. What is the remainder when i is divided by 17?
14
Let t(m) = 136 - 136 - 2*m. Let g = -3 + -2. What is the remainder when 18 is divided by t(g)?
8
What is the remainder when 30 is divided by 5 + 178/14 + 2/7?
12
Suppose -n - 2*n = -3*f - 24, 0 = -2*n + 3*f + 16. Suppose 5*d - 57 = 3*v, 0 = -6*d + 2*d + 3*v + 45. What is the remainder when d is divided by n?
4
Suppose x = -3*y - 3*x - 15, -4*y = -3*x + 20. Let s be 111/y - (-8)/40. Calculate the remainder when 18 is divided by (10 - 9)/((-2)/s).
7
Suppose -6*l = -30 - 174. Calculate the remainder when 234 is divided by l.
30
Let p(a) = 3*a - 11. Let f be p(-8). Let k = -33 - f. Suppose 0*o + 4 = 2*o. Calculate the remainder when o is divided by k.
0
Let y = -4 - -26. Suppose -386 + 58 = -4*s. Suppose -f - f = -s. What is the remainder when f is divided by y?
19
Let w(c) = 8*c**3 - 5*c**2 + 3*c + 7. Calculate the remainder when w(3) is divided by 10.
7
Let b(c) = c**3 + 10*c**2 + 12*c - 24. Calculate the remainder when ((-3)/(-5))/(6/390) is divided by b(-8).
7
Suppose -5*u + j + 11 = 0, 4*j - 5 = -4*u + 23. Suppose 0*w + u*w - 36 = 0. What is the remainder when w is divided by 3?
0
Suppose 3*m + 0*m - 12 = 0. Let k(w) = -w**3 + 4*w + 3. Let j be k(-2). Suppose -f + m = j*n, -29 + 4 = 5*n. What is the remainder when f is divided by 4?
3
Suppose -776 = -4*v + 4*i, 2*i + 94 = v - 95. What is the remainder when v is divided by 34?
29
Suppose l - h = 3*h + 41, 3*l = 4*h + 83. Suppose -71 = -l*w + 20*w. What is the remainder when w is divided by ((-12)/(-7))/(1/7)?
11
Let f(s) = 769*s + 1. Let y be f(1). Suppose 9*g - 19*g + y = 0. What is the remainder when g is divided by 16 - (-1 - -7)/2?
12
Let v(r) = -45*r + 3. Let p be v(-1). Let a = p + -21. Calculate the remainder when a is divided by 15.
12
Suppose 0 = 6*k - 126 + 36. Calculate the remainder when (10/k)/(3/252) is divided by 15.
11
Calculate the remainder when 48 is divided by (-9 - 5)*(-3 - 13/(-7)).
0
Suppose -5*w + 0*w = -10. Suppose 0 = y + 3*t - 15, -4*y + 15 = t + w*t. What is the remainder when 58 is divided by 0 - 1*(y - 15)?
13
Suppose 35 = 3*a - 5*y, -7*y + 8*y - 85 = -4*a. What is the remainder when a is divided by 8?
4
Suppose 3 = -3*j, 1024 = 5*q + 57*j - 56*j. Calculate the remainder when q is divided by 100.
5
What is the remainder when (-47079)/(-39) - ((-1104)/(-78) + -14) is divided by 13?
11
Let f = 42 - 43. Calculate the remainder when 62 is divided by 1026/81 - ((-4)/3 - f).
10
Suppose 0*c + s - 66 = -4*c, -40 = -2*c - 4*s. Let p = -258 - -287. Calculate the remainder when p is divided by c.
13
Let n(u) = 1 + u**3 - u**2 + u**2 + 0*u**2 + 4*u. Calculate the remainder when n(4) is divided by 14.
11
Let f = 47 - 46. Calculate the remainder when (82/(-42) + 16/56)*-3 is divided by f.
0
Let m(f) = 5*f + 424. Calculate the remainder when 94 is divided by m(-83).
4
Let q = -5 - -67. What is the remainder when q is divided by 20?
2
Suppose 6*p - 5*p + 8 = 2*o, 5*p = -4*o + 16. Calculate the remainder when 23 is divided by (11 - -3) + -2 + p + 0.
11
Suppose 0*d = -3*d. Suppose -2*h + 4*w + 42 = 0, d*h - 5*h - 5*w + 60 = 0. Suppose -p + 4*p = 171. Calculate the remainder when p is divided by h.
12
Let p = 23 + 34. Suppose 0 = -5*i - 217 + 222. What is the remainder when p is divided by -3 + i + (-160)/(-5)?
27
Let n be 1*(732/33 - (-12)/(-66)). Let u = -45 - -110. Let c = u - n. Calculate the remainder when c is divided by 22.
21
Let y = -7 - -7. Suppose -8 = -y*x - 4*x. Suppose -l - 25 = -2*l - 3*z, -2*z = x*l - 50. What is the remainder when l is divided by 9?
7
Let k(i) = -i**2 - 4*i - 10. Let s be k(-5). Let p(o) = -2*o - 7. Let a = 24 + -18. Calculate the remainder when p(s) is divided by a.
5
Let b = 48 + -25. Suppose 4*f - r - 64 = 3*r, 0 = f + r - 12. What is the remainder when b is divided by f?
9
Let l(i) = i**3 - 12*i**2 + 12*i - 10. Let w be l(11). Let q(y) = 0 - 3*y - 2 + 6 - w. What is the remainder when 60 is divided by q(-6)?
18
Let y be (-448)/10 + 1/(-5). Let q = y + 48. Calculate the remainder when 11 is divided by q.
2
Suppose -4*t - 3*m = -144 - 124, 5*t + m = 335. Calculate the remainder when t is divided by 32.
3
Suppose -3*z - 213 = -8*z + k, -123 = -3*z + 3*k. Calculate the remainder when z is divided by 28.
15
Suppose -2*h + 5*h = 2*g - 6, 0 = 2*g + 3*h - 6. Suppose 9 = g*l - 0. What is the remainder when 9 is divided by l?
0
What is the remainder when 105 is divided by 163/4 - 195/(-156)?
21
Let c be (-12)/9*(-18)/8. Suppose 0*j + c*j = -162. Let k = 5 - j. What is the remainder when k is divided by 10?
9
Suppose -97 - 683 = -x. What is the remainder when x is divided by 56?
52
Suppose n = -5*f - 20, -18 = -2*n + 4*f + 12. Suppose -n*r = 14 - 594. Calculate the remainder when r is divided by 39.
38
Let b = 15 - 10. Suppose 4*q - 3*l - 99 = 0, -3*q - b*l = 2*q - 150. What is the remainder when q is divided by 5?
2
Let o = 123 - 58. Let b(x) = 3*x**2 - 17*x - 56. Calculate the remainder when o is divided by b(-3).
21
Let w(l) = -2*l + 4. Calculate the remainder when 38 is divided by w(-4).
2
What is the remainder when 78 is divided by 15 + (5 - (-8 + 16))?
6
What is the remainder when (46 - 44) + 138/(-4)*-12 is divided by 84?
80
Let y(t) = -18*t**3 - t**2 - 2*t - 1. What is the remainder when 1463/(-572)*-20 + (-2)/13 is divided by y(-1)?
15
Suppose -46*u + 2712 = -38*u. Calculate the remainder when u is divided by 41.
11
Suppose -476 = -5*w - 66. Let z = 13 - -4. What is the remainder when w is divided by z?
14
Suppose 0 = t + 2, -5*t + 58 - 383 = -5*o. Let z = o + -93. Calculate the remainder when 102 is divided by (-266)/(-10) + z/50.
24
Calculate the remainder when 363 is divided by -10 - 24/(-8) - -20.
12
Suppose g + 2*d - 175 = 0, 2*g - 355 = -3*d - 2*d. What is the remainder when g is divided by 28?
25
Let n be (1 + 2)*(-16)/(-12). Suppose -2*a + 12 = -n. Calculate the remainder when 69 is divided by a.
5
Let r(n) = n**2 + 7*n + 6. Let k be r(-7). Suppose -k*o = 3*o - 1008. Calculate the remainder when o is divided by 23.
20
Let f = -716 - -990. What is the remainder when f is divided by 70?
64
Suppose -n = -6*n - 3*y + 68, 4*n - 55 = -3*y. Calculate the remainder when 246 is divided by n.
12
Suppose 3*a - 294 = -39*a. Calculate the remainder when 80 is divided by a.
3
Suppose -3*c - 2*r - 30 = 0, -c - 4*r = -0*c + 10. Calculate the remainder when (48/c)/((-3)/30) is divided by 13.
9
Let b be 7 + -9 - (-8)/1. Let k = -5 + 8. Calculate the remainder when b/(-10) - (-86)/10 is divided by k.
2
Let k(a) = 21*a**2 - 5*a - 5. What is the remainder when 29 is divided by k(-1)?
8
Let z(k) = k**3 + 8*k**2 + 6*k - 6. Let w be z(-7). Calculate the remainder when (-2368)/(-80)*35/14 is divided by 2/(w - -1) + 18.
17
Suppose 2*c - 130 = -3*c. Calculate the remainder when 1/((-9)/(-309)*(-2)/(-6)) is divided by c.
25
Let g = -161 + 170. What is the remainder when 41 is divided by g?
5
Let i(t) = -t**2 - 18*t - 49. What is the remainder when 463 is divided by i(-10)?
29
What is the remainder when 75 is divided by (-171)/27*(7 - 13)?
37
Let l(n) = -11*n - 12. Let h be l(-2). Calculate the remainder when 45 is divided by -8*(-5)/h + 12.
13
Let q(d) = d**3 - 6*d**2 - 4*d - 16. Let v be q(7). Suppose 48 = v*a + w, -1 = -a - 2*w + 5. What is the remainder when 97 is divided by a?
7
Let d(a) = 12*a**2 - 2*a - 1. Suppose 5*o + 3 + 7 = 0. Calculate the remainder when d(-1) is divided by 3 - (2 + o - 5).
5
Let l be (11725/(-15))/7 - 4/(-6). Let z = l + 134. Suppose 0 = 3*d + 4*q - 36, -5*d = -d + 4*q - 44. Calculate the remainder when z is divided by d.
7
Let q = -186 - -104. Let p = 119 + q. Let j(x) = -22*x + 365. What is the remainder when p is divided by j(16)?
11
Let f(i) = -2*i**2 - 3*i - 1. Let o be f(-6). Let a = 80 + o. Let x = -4 + 13. Calculate the remainder when a is divided by x.
7
Let f be (-380)/(-8) + 3/(-6). Let v = 60 - f. What is the remainder when v is divided by 7?
6
Suppose -4*d + 38 = -v - 207, 15 = 5*v. Let s = d + -36. What is the remainder when s is divided by 9?
8
Suppose -p - 3*k +